18. What is z(-11)?
4
Let z(p) = p**3 - 6*p**2 + 6*p - 4. Give z(6).
32
Let r(y) = y**3 - 3*y**2 - 2*y - 5. Determine r(4).
3
Let o(k) = k**3 - 5*k**2 + 4*k - 9. Calculate o(4).
-9
Let k(d) = d - 112. Calculate k(12).
-100
Let q(h) = -h**3 + 8*h**2 - 8*h + 7. What is q(7)?
0
Let t(z) = 3*z - 9. What is t(10)?
21
Let t(a) = a**2 - 6*a - 2. Calculate t(-4).
38
Let t(d) = d**3 + 13*d**2 - 19*d - 65. Calculate t(-14).
5
Let k(v) = 3*v**2 - 3*v - 4. Calculate k(4).
32
Let v(p) = 19*p**2 - 8*p - 8. What is v(-1)?
19
Let c(s) = s**3 - 7*s**2 - 14*s + 42. Calculate c(8).
-6
Let r(j) = -5*j - 12. Determine r(-7).
23
Let f(y) = -y**2 - 60*y - 579. Give f(-48).
-3
Let h(b) = 3*b + 74. What is h(-26)?
-4
Let c(g) = g**2 - 38*g - 161. What is c(42)?
7
Let a(w) = -3*w**2 + 40*w + 3. Determine a(13).
16
Let w(g) = -17*g**2 - g - 1. Calculate w(-2).
-67
Let g(l) = -l**2 - 11*l - 4. Determine g(-9).
14
Let i(r) = -3*r**3 + 2*r**2 + 2*r - 2. Determine i(2).
-14
Let h(d) = 2*d**3 + 65*d**2 - 33*d + 3. Calculate h(-33).
3
Let i(w) = -3*w + 1. What is i(2)?
-5
Let d(q) = -3*q**2 - 7*q + 60. Determine d(5).
-50
Let p(i) = i - 5. Calculate p(-3).
-8
Let g(b) = -b. What is g(7)?
-7
Let v(l) = 4*l**2 - 69*l - 40. Give v(18).
14
Let s(n) = n**3 + 9*n**2 + 9*n - 2. Calculate s(-8).
-10
Let c(v) = -v**2 + 77*v + 680. Calculate c(-8).
0
Let w(z) = 14*z - 9. What is w(2)?
19
Let r(u) = 2*u. What is r(-1)?
-2
Let u(z) = 2*z**2 - 8. Determine u(4).
24
Let y(b) = 7*b + 20. What is y(9)?
83
Let z(v) = 2*v**3 - 16*v**2 - 20*v + 23. What is z(9)?
5
Let w(h) = -27*h - 153. What is w(-5)?
-18
Let n(y) = 5*y**2 + 54*y - 7. Calculate n(-11).
4
Let j(c) = c**2 - 9*c - 61. Give j(-5).
9
Let r(k) = -k**3 + 8*k**2 - k + 19. What is r(8)?
11
Let f(j) = -j**2 - 2*j + 6. What is f(0)?
6
Let u(a) = -a**2 - 27*a - 27. Determine u(-12).
153
Let h(d) = -10*d + 5. Give h(1).
-5
Let i(d) = -d - 12. Determine i(-18).
6
Let g(t) = -t**3 + 10*t**2 - 11*t + 2. Determine g(9).
-16
Let b(v) = 6*v**2 + 9*v - 4. What is b(-3)?
23
Let c(g) = -7*g + 21. Determine c(11).
-56
Let b(y) = y + 8. Give b(-6).
2
Let n(l) = -15*l - 1. Calculate n(0).
-1
Let h(u) = 9*u + 80. Determine h(-11).
-19
Let s(z) = -31*z**3. Determine s(-1).
31
Let h(n) = 50*n**3 - n**2 + n. Calculate h(1).
50
Let r(u) = -2*u - 11. Give r(8).
-27
Let c(m) = -13*m**3 - 1. Calculate c(1).
-14
Let r(c) = -32*c + 10. Calculate r(-1).
42
Let c(y) = -13*y + 15. Give c(-3).
54
Let j(s) = 6*s**2 - 7*s - 5. Determine j(-2).
33
Let p(q) = -q**2 - 2*q - 6. What is p(-5)?
-21
Let w(m) = m**3 - 12*m**2 - 30*m + 4. What is w(14)?
-24
Let w(b) = -5*b**2 - 168*b + 76. Calculate w(-34).
8
Let v(b) = 29*b**2 + 112*b - 11. Give v(-4).
5
Let n(g) = -3*g**2 + 7*g - 15. Calculate n(6).
-81
Let j(r) = -17*r - 6. Calculate j(-4).
62
Let j(n) = -2*n**2 - n - 3. What is j(-2)?
-9
Let i(m) = -m**3 + 7*m**2 + 6*m - 5. Calculate i(4).
67
Let u(v) = -v**3 + 29*v**2 + 30*v + 16. Calculate u(30).
16
Let x(t) = t**2 + 10*t - 67. Determine x(5).
8
Let u(j) = -j**2 + 2*j - 12. Give u(0).
-12
Let w(l) = 73*l + 657. Calculate w(-9).
0
Let l(z) = -z**3 - 9*z**2 - 4*z - 31. Calculate l(-9).
5
Let o(j) = j**3 + 16*j**2 + 16*j + 12. Give o(-15).
-3
Let v(f) = 51*f**3 - f**2 - 3*f - 2. Give v(-1).
-51
Let x(u) = u**2 + 14*u + 6. Calculate x(-14).
6
Let v(g) = -222*g + 1114. Give v(5).
4
Let a(b) = -b**2 + 3*b + 96. What is a(12)?
-12
Let t(r) = -r**2 + r + 12. Determine t(-6).
-30
Let x(l) = 5*l - 29. Give x(5).
-4
Let d(j) = -j**3 + j**2 + 1. What is d(1)?
1
Let f(z) = 30*z - 486. Determine f(16).
-6
Let s(d) = -d**3 - 6*d**2 - 5*d - 24. Give s(-6).
6
Let l(n) = -n**3 + 20*n**2 - 17*n - 27. Give l(19).
11
Let t(o) = 6*o - 70. Give t(11).
-4
Let g(i) = i**3 + 6*i**2 + 7*i + 4. Determine g(-4).
8
Let g(f) = 3*f**3 - 17*f**2 + 3*f - 6. Determine g(6).
48
Let a(j) = -4*j + 13. What is a(-5)?
33
Let d(f) = 37*f - 4. Calculate d(1).
33
Let p(i) = -3*i + 8. What is p(2)?
2
Let c(t) = -t**2 + 8*t - 1. Give c(4).
15
Let h(y) = y**3 + 2*y**2 - 4*y + 6. Give h(-5).
-49
Let s(g) = g + 4. Give s(-8).
-4
Let k(m) = -53*m + 169. What is k(3)?
10
Let o(g) = -g - 53. Determine o(-21).
-32
Let p(o) = 3*o**2 - 12*o + 13. Calculate p(7).
76
Let j(r) = 8*r + 7. Determine j(-6).
-41
Let v(l) = -l**3 + 5*l**2 + 10*l - 15. Determine v(6).
9
Let l(a) = 8*a + 40. What is l(-3)?
16
Let x(z) = -z**3 + 15*z**2 + 20*z + 11. Calculate x(16).
75
Let f(x) = 4*x + 27. Give f(-9).
-9
Let q(p) = -2*p**2 + 3*p + 11. What is q(-4)?
-33
Let g(p) = -p**3 + 5*p**2 - 3*p - 10. Give g(5).
-25
Let i(m) = 6*m - 15. Give i(4).
9
Let b(p) = -6*p + 35. Determine b(-9).
89
Let r(m) = -m**3 - 5*m**2 + 5*m - 2. What is r(-6)?
4
Let v(g) = g**2 - 20*g + 3. Give v(19).
-16
Let j(b) = -b**3 + 11*b**2 - 12*b + 14. What is j(10)?
-6
Let r(v) = v**3 + 8*v**2 - 14*v - 44. What is r(-9)?
1
Let q(a) = -a**3 + 6*a**2 + 10*a - 25. Calculate q(7).
-4
Let q(y) = -6*y**3 - 2*y**2 - 6*y - 3. What is q(-1)?
7
Let m(v) = -v**2 - 13*v - 19. Calculate m(-11).
3
Let l(k) = k**3 + 5*k**2 - 6*k + 2. Give l(-6).
2
Let a(o) = -o + 8. What is a(-5)?
13
Let w(h) = 64*h**2 - 2*h - 1. Determine w(-1).
65
Let b(t) = t**3 - 3*t**2 + t - 1. What is b(-3)?
-58
Let o(j) = 4*j + 5. Give o(-1).
1
Let d(j) = -j**3 - 3*j**2 - 27*j - 127. Give d(-4).
-3
Let a(i) = -i**3 + 6*i**2 - 5*i + 10. Determine a(5).
10
Let s(c) = c + 21. Calculate s(-18).
3
Let x(z) = z**3 + 11*z**2 + 9*z - 10. Give x(-10).
0
Let l(x) = -2*x - 5. What is l(4)?
-13
Let o(f) = -5*f - 9. Give o(-3).
6
Let f(z) = 50*z**3 - 2*z**2 + 3. Calculate f(1).
51
Let x(u) = -u**3 - 29*u**2 + 16. Determine x(-29).
16
Let p(f) = -f**2 + 15*f + 59. Determine p(15).
59
Let t(l) = -6*l + 11. Give t(-1).
17
Let y(r) = r**3 + r**2 - r - 28. Determine y(0).
-28
Let g(t) = t**3 + 2*t**2 - 2*t - 6. What is g(-2)?
-2
Let j(y) = 11*y + 107. Determine j(-7).
30
Let v(w) = 35*w - 319. What is v(9)?
-4
Let h(x) = -x**2 - 7*x - 7. Calculate h(-6).
-1
Let j(m) = 14*m - 1. What is j(-1)?
-15
Let h(f) = 5*f**2 - 123*f - 18. Give h(25).
32
Let k(m) = -m**3 + 5*m**2 + 11*m - 10. Give k(7).
-31
Let o(r) = -r**2 + 13*r + 4. Calculate o(17).
-64
Let a(h) = 15*h - 9. Give a(-3).
-54
Let c(t) = t**2 + 2*t. Give c(-2).
0
Let b(p) = p**3 + 12*p**2 + 36*p + 6. Give b(-6).
6
Let g(x) = -x + 21. Determine g(10).
11
Let w(s) = -s**2 - 14*s + 68. Calculate w(-17).
17
Let c(y) = -y**3 + 17*y**2 + 15*y + 57. Determine c(18).
3
Let m(s) = -4*s + 20. Calculate m(6).
-4
Let c(l) = l**2 - 12*l + 15. Give c(7).
-20
Let m(s) = -s**3 + 45*s**2 - 125*s - 65. Determine m(42).
-23
Let w(t) = t**3 + 31*t**2 + 57*t - 25. Calculate w(-29).
4
Let z(v) = 2*v - 4. Calculate z(-2).
-8
Let t(p) = 3*p**2 - p + 13. Calculate t(4).
57
Let w(r) = -r + 7. Give w(13).
-6
Let j(f) = -f**3 + 7*f**2 - 2*f + 4. Calculate j(6).
28
Let a(o) = 28*o**3 + 2*o**2 - 1. Give a(-1).
-27
Let v(g) = -g + 33. Calculate v(24).
9
Let s(c) = 6*c**3 - 2*c**2 + c + 2. Calculate s(-1).
-7
Let v(q) = q**3 - 8*q**2 + 8*q - 5. Determine v(7).
2
Let n(f) = -2*f**3 + 4*f**2 - f + 4. Determine n(2).
2
Let k(i) = -123*i + 2949. What is k(24)?
-3
Let y(d) = -d**2 + 6*d + 7. Determine y(9).
-20
Let n(i) = i**3 - 14*i**2 + 12*i + 1. What is n(13)?
-12
Let q(m) = m**2 - 14*m - 981. Give q(39).
-6
Let f(k) = -k**3 - 13*k**2 - 36*k - 65. Give f(-10).
-5
Let l(n) = -2*n**2 - 16*n - 29. What is l(-10)?
-69
Let g(v) = -27*v - 6. What is g(1)?
-33
Let c(z) = z**3 + 5*z**2 - 2*z + 17. Calculate c(-6).
-7
Let q(n) = -n**3 + 18*n**2 + 15*n + 80. Calculate q(19).
4
Let y(r) = -10*r + 1. Give y(4).
-39
Let k(r) = r + 6. Determine k(-4).
2
Let w(h) = -2*h + 7. What is w(2)?
3
Let z(i) = 20*i**3 + 2*i**2 - i. Give z(1).
21
Let m(s) = 6*s**2 + 10*s - 9. Determine m(-4).
47
Let o(g) = -59*g**3 - 3*g**2 + 2. Give o(-1).
58
Let q(x) = -x**2 + 6*x - 17. Calculate q(4).
-9
Let p(b) = b + 9. Give p(-15).
-6
Let d(n) = -5*n - 7. Give d(-6).
23
Let y(l) = 11*l**3 - 2*l**2 + 2*l - 1. Determine y(1).
10
Let i(g) = g**2 - 18*g - 1. What is i(3)?
-46
Let f(b) = b**2 + 3*b - 4. Calculate f(8).
84
Let f(d) = -13*d - 41. Calculate f(-7).
50
Let j(t) = -t**3 + 5*t**2 + 9*t - 53. Give j(4).
-1
Let d(c) = c**2 - 12*c - 3. Calculate d(6).
-39
Let k(n) = -2*n - 7. What is k(-6)?
5
Let c(f) = -3*f + 10. What is c(7)?
-11
Let 